{"id":92,"date":"2020-10-08T15:01:58","date_gmt":"2020-10-08T15:01:58","guid":{"rendered":"https:\/\/annius-immensus.de\/?page_id=92"},"modified":"2021-10-11T14:59:28","modified_gmt":"2021-10-11T14:59:28","slug":"music","status":"publish","type":"page","link":"https:\/\/www.annius-immensus.de\/?page_id=92","title":{"rendered":"Music"},"content":{"rendered":"\n<p>Nachfolgend k\u00f6nnt ihr unseren Song &#8222;Die Spirale&#8220; anh\u00f6ren. Worum es geht? Nicht, wie der Titel vielleicht vermuten l\u00e4sst, um ein Verh\u00fctungsprodukt. Sondern eher um Entwicklungen, die zu denken geben.<\/p>\n\n\n\n<figure class=\"wp-block-audio\"><audio controls src=\"https:\/\/www.annius-immensus.de\/wp-content\/uploads\/2021\/10\/Annius-Immensus-Die-Spirale_mix.wav\"><\/audio><figcaption>Annius Immensus &#8211; Die Spirale<\/figcaption><\/figure>\n\n\n\n<p>Mit welchen Traumata haben Menschen zu tun, die aus Konfliktsituationen zur\u00fcckkehren in ein vormals gewohntes Leben? Welchen Eindruck k\u00f6nnen sich auf andere machen? Diese Fragen besch\u00e4ftigen Annius Immensus in &#8222;Schwester Hoffnung&#8220;.<\/p>\n\n\n\n<figure class=\"wp-block-audio\"><audio controls src=\"https:\/\/www.annius-immensus.de\/wp-content\/uploads\/2021\/10\/Annius-Immensus-Schwester-Hoffnung-mix.wav\"><\/audio><figcaption>Annius Immensus &#8211; Schwester Hoffnung<\/figcaption><\/figure>\n","protected":false},"excerpt":{"rendered":"<p>Nachfolgend k\u00f6nnt ihr unseren Song &#8222;Die Spirale&#8220; anh\u00f6ren. Worum es geht? Nicht, wie der Titel vielleicht vermuten l\u00e4sst, um ein &hellip; <a href=\"https:\/\/www.annius-immensus.de\/?page_id=92\" class=\"more-link\"><span class=\"more-button\">Continue Reading<span class=\"screen-reader-text\">Music<\/span><\/span><\/a><\/p>\n","protected":false},"author":1,"featured_media":0,"parent":0,"menu_order":0,"comment_status":"closed","ping_status":"closed","template":"","meta":{"spay_email":""},"yoast_head":"<!-- This site is optimized with the Yoast SEO plugin v18.4.1 - https:\/\/yoast.com\/wordpress\/plugins\/seo\/ -->\n<title>Music - Annius Immensus<\/title>\n<meta name=\"robots\" content=\"index, follow, max-snippet:-1, max-image-preview:large, max-video-preview:-1\" \/>\n<link rel=\"canonical\" href=\"https:\/\/www.annius-immensus.de\/?page_id=92\" \/>\n<meta property=\"og:locale\" content=\"de_DE\" \/>\n<meta property=\"og:type\" content=\"article\" \/>\n<meta property=\"og:title\" content=\"Music - Annius Immensus\" \/>\n<meta property=\"og:description\" content=\"Nachfolgend k\u00f6nnt ihr unseren Song &#8222;Die Spirale&#8220; anh\u00f6ren. Worum es geht? Nicht, wie der Titel vielleicht vermuten l\u00e4sst, um ein &hellip; Continue ReadingMusic\" \/>\n<meta property=\"og:url\" content=\"https:\/\/www.annius-immensus.de\/?page_id=92\" \/>\n<meta property=\"og:site_name\" content=\"Annius Immensus\" \/>\n<meta property=\"article:modified_time\" content=\"2021-10-11T14:59:28+00:00\" \/>\n<meta name=\"twitter:card\" content=\"summary_large_image\" \/>\n<meta name=\"twitter:label1\" content=\"Gesch\u00e4tzte Lesezeit\" \/>\n\t<meta name=\"twitter:data1\" content=\"1 Minute\" \/>\n<script type=\"application\/ld+json\" class=\"yoast-schema-graph\">{\"@context\":\"https:\/\/schema.org\",\"@graph\":[{\"@type\":\"WebSite\",\"@id\":\"https:\/\/www.annius-immensus.de\/#website\",\"url\":\"https:\/\/www.annius-immensus.de\/\",\"name\":\"Annius Immensus\",\"description\":\"Gitarren Wave, Dark Folk aus hamburg\",\"potentialAction\":[{\"@type\":\"SearchAction\",\"target\":{\"@type\":\"EntryPoint\",\"urlTemplate\":\"https:\/\/www.annius-immensus.de\/?s={search_term_string}\"},\"query-input\":\"required name=search_term_string\"}],\"inLanguage\":\"de-DE\"},{\"@type\":\"WebPage\",\"@id\":\"https:\/\/www.annius-immensus.de\/?page_id=92#webpage\",\"url\":\"https:\/\/www.annius-immensus.de\/?page_id=92\",\"name\":\"Music - Annius Immensus\",\"isPartOf\":{\"@id\":\"https:\/\/www.annius-immensus.de\/#website\"},\"datePublished\":\"2020-10-08T15:01:58+00:00\",\"dateModified\":\"2021-10-11T14:59:28+00:00\",\"breadcrumb\":{\"@id\":\"https:\/\/www.annius-immensus.de\/?page_id=92#breadcrumb\"},\"inLanguage\":\"de-DE\",\"potentialAction\":[{\"@type\":\"ReadAction\",\"target\":[\"https:\/\/www.annius-immensus.de\/?page_id=92\"]}]},{\"@type\":\"BreadcrumbList\",\"@id\":\"https:\/\/www.annius-immensus.de\/?page_id=92#breadcrumb\",\"itemListElement\":[{\"@type\":\"ListItem\",\"position\":1,\"name\":\"Startseite\",\"item\":\"https:\/\/www.annius-immensus.de\/\"},{\"@type\":\"ListItem\",\"position\":2,\"name\":\"Music\"}]}]}<\/script>\n<!-- \/ Yoast SEO plugin. -->","yoast_head_json":{"title":"Music - Annius Immensus","robots":{"index":"index","follow":"follow","max-snippet":"max-snippet:-1","max-image-preview":"max-image-preview:large","max-video-preview":"max-video-preview:-1"},"canonical":"https:\/\/www.annius-immensus.de\/?page_id=92","og_locale":"de_DE","og_type":"article","og_title":"Music - Annius Immensus","og_description":"Nachfolgend k\u00f6nnt ihr unseren Song &#8222;Die Spirale&#8220; anh\u00f6ren. Worum es geht? Nicht, wie der Titel vielleicht vermuten l\u00e4sst, um ein &hellip; Continue ReadingMusic","og_url":"https:\/\/www.annius-immensus.de\/?page_id=92","og_site_name":"Annius Immensus","article_modified_time":"2021-10-11T14:59:28+00:00","twitter_card":"summary_large_image","twitter_misc":{"Gesch\u00e4tzte Lesezeit":"1 Minute"},"schema":{"@context":"https:\/\/schema.org","@graph":[{"@type":"WebSite","@id":"https:\/\/www.annius-immensus.de\/#website","url":"https:\/\/www.annius-immensus.de\/","name":"Annius Immensus","description":"Gitarren Wave, Dark Folk aus hamburg","potentialAction":[{"@type":"SearchAction","target":{"@type":"EntryPoint","urlTemplate":"https:\/\/www.annius-immensus.de\/?s={search_term_string}"},"query-input":"required name=search_term_string"}],"inLanguage":"de-DE"},{"@type":"WebPage","@id":"https:\/\/www.annius-immensus.de\/?page_id=92#webpage","url":"https:\/\/www.annius-immensus.de\/?page_id=92","name":"Music - Annius Immensus","isPartOf":{"@id":"https:\/\/www.annius-immensus.de\/#website"},"datePublished":"2020-10-08T15:01:58+00:00","dateModified":"2021-10-11T14:59:28+00:00","breadcrumb":{"@id":"https:\/\/www.annius-immensus.de\/?page_id=92#breadcrumb"},"inLanguage":"de-DE","potentialAction":[{"@type":"ReadAction","target":["https:\/\/www.annius-immensus.de\/?page_id=92"]}]},{"@type":"BreadcrumbList","@id":"https:\/\/www.annius-immensus.de\/?page_id=92#breadcrumb","itemListElement":[{"@type":"ListItem","position":1,"name":"Startseite","item":"https:\/\/www.annius-immensus.de\/"},{"@type":"ListItem","position":2,"name":"Music"}]}]}},"_links":{"self":[{"href":"https:\/\/www.annius-immensus.de\/index.php?rest_route=\/wp\/v2\/pages\/92"}],"collection":[{"href":"https:\/\/www.annius-immensus.de\/index.php?rest_route=\/wp\/v2\/pages"}],"about":[{"href":"https:\/\/www.annius-immensus.de\/index.php?rest_route=\/wp\/v2\/types\/page"}],"author":[{"embeddable":true,"href":"https:\/\/www.annius-immensus.de\/index.php?rest_route=\/wp\/v2\/users\/1"}],"replies":[{"embeddable":true,"href":"https:\/\/www.annius-immensus.de\/index.php?rest_route=%2Fwp%2Fv2%2Fcomments&post=92"}],"version-history":[{"count":6,"href":"https:\/\/www.annius-immensus.de\/index.php?rest_route=\/wp\/v2\/pages\/92\/revisions"}],"predecessor-version":[{"id":253,"href":"https:\/\/www.annius-immensus.de\/index.php?rest_route=\/wp\/v2\/pages\/92\/revisions\/253"}],"wp:attachment":[{"href":"https:\/\/www.annius-immensus.de\/index.php?rest_route=%2Fwp%2Fv2%2Fmedia&parent=92"}],"curies":[{"name":"wp","href":"https:\/\/api.w.org\/{rel}","templated":true}]}}