{"id":93,"date":"2020-10-08T15:01:58","date_gmt":"2020-10-08T15:01:58","guid":{"rendered":"https:\/\/annius-immensus.de\/?page_id=93"},"modified":"2021-10-11T15:06:21","modified_gmt":"2021-10-11T15:06:21","slug":"annius-immensus-videos","status":"publish","type":"page","link":"https:\/\/www.annius-immensus.de\/?page_id=93","title":{"rendered":"Videos"},"content":{"rendered":"\n<iframe width=\"560\" height=\"315\" src=\"https:\/\/www.youtube.com\/embed\/kGqHqzLN7Jg\" title=\"YouTube video player\" frameborder=\"0\" allow=\"accelerometer; autoplay; clipboard-write; encrypted-media; gyroscope; picture-in-picture\" allowfullscreen><\/iframe>\n\n\n\n<iframe width=\"560\" height=\"315\" src=\"https:\/\/www.youtube.com\/embed\/9TPnIPDOejs\" title=\"YouTube video player\" frameborder=\"0\" allow=\"accelerometer; autoplay; clipboard-write; encrypted-media; gyroscope; picture-in-picture\" allowfullscreen><\/iframe>\n\n\n\n<figure class=\"wp-block-embed is-type-rich is-provider-handler-einbetten wp-block-embed-handler-einbetten wp-embed-aspect-16-9 wp-has-aspect-ratio\"><div class=\"wp-block-embed__wrapper\">\n<iframe title=\"Annius Immensus   Ich warte an dem Baume TEASER\" width=\"990\" height=\"557\" src=\"https:\/\/www.youtube.com\/embed\/Qjt6WB6gL7M?feature=oembed\" frameborder=\"0\" allow=\"accelerometer; autoplay; clipboard-write; encrypted-media; gyroscope; picture-in-picture\" allowfullscreen><\/iframe>\n<\/div><\/figure>\n","protected":false},"excerpt":{"rendered":"","protected":false},"author":1,"featured_media":0,"parent":0,"menu_order":0,"comment_status":"closed","ping_status":"closed","template":"","meta":{"spay_email":""},"yoast_head":"<!-- This site is optimized with the Yoast SEO plugin v18.4.1 - https:\/\/yoast.com\/wordpress\/plugins\/seo\/ -->\n<title>Videos - Annius Immensus<\/title>\n<meta name=\"description\" content=\"Auch in Form von Videos sind Annius Immensus t\u00e4tig. Hier k\u00f6nnen Interessierte einen \u00dcberblick \u00fcber ausgew\u00e4hlte Videos erhalten.\" \/>\n<meta name=\"robots\" content=\"index, follow, max-snippet:-1, max-image-preview:large, max-video-preview:-1\" \/>\n<link rel=\"canonical\" href=\"https:\/\/www.annius-immensus.de\/?page_id=93\" \/>\n<meta property=\"og:locale\" content=\"de_DE\" \/>\n<meta property=\"og:type\" content=\"article\" \/>\n<meta property=\"og:title\" content=\"Videos - Annius Immensus\" \/>\n<meta property=\"og:description\" content=\"Auch in Form von Videos sind Annius Immensus t\u00e4tig. Hier k\u00f6nnen Interessierte einen \u00dcberblick \u00fcber ausgew\u00e4hlte Videos erhalten.\" \/>\n<meta property=\"og:url\" content=\"https:\/\/www.annius-immensus.de\/?page_id=93\" \/>\n<meta property=\"og:site_name\" content=\"Annius Immensus\" \/>\n<meta property=\"article:modified_time\" content=\"2021-10-11T15:06:21+00:00\" \/>\n<meta name=\"twitter:card\" content=\"summary_large_image\" \/>\n<meta name=\"twitter:label1\" content=\"Gesch\u00e4tzte Lesezeit\" \/>\n\t<meta name=\"twitter:data1\" content=\"1 Minute\" \/>\n<script type=\"application\/ld+json\" class=\"yoast-schema-graph\">{\"@context\":\"https:\/\/schema.org\",\"@graph\":[{\"@type\":\"WebSite\",\"@id\":\"https:\/\/www.annius-immensus.de\/#website\",\"url\":\"https:\/\/www.annius-immensus.de\/\",\"name\":\"Annius Immensus\",\"description\":\"Gitarren Wave, Dark Folk aus hamburg\",\"potentialAction\":[{\"@type\":\"SearchAction\",\"target\":{\"@type\":\"EntryPoint\",\"urlTemplate\":\"https:\/\/www.annius-immensus.de\/?s={search_term_string}\"},\"query-input\":\"required name=search_term_string\"}],\"inLanguage\":\"de-DE\"},{\"@type\":\"WebPage\",\"@id\":\"https:\/\/www.annius-immensus.de\/?page_id=93#webpage\",\"url\":\"https:\/\/www.annius-immensus.de\/?page_id=93\",\"name\":\"Videos - Annius Immensus\",\"isPartOf\":{\"@id\":\"https:\/\/www.annius-immensus.de\/#website\"},\"datePublished\":\"2020-10-08T15:01:58+00:00\",\"dateModified\":\"2021-10-11T15:06:21+00:00\",\"description\":\"Auch in Form von Videos sind Annius Immensus t\u00e4tig. Hier k\u00f6nnen Interessierte einen \u00dcberblick \u00fcber ausgew\u00e4hlte Videos erhalten.\",\"breadcrumb\":{\"@id\":\"https:\/\/www.annius-immensus.de\/?page_id=93#breadcrumb\"},\"inLanguage\":\"de-DE\",\"potentialAction\":[{\"@type\":\"ReadAction\",\"target\":[\"https:\/\/www.annius-immensus.de\/?page_id=93\"]}]},{\"@type\":\"BreadcrumbList\",\"@id\":\"https:\/\/www.annius-immensus.de\/?page_id=93#breadcrumb\",\"itemListElement\":[{\"@type\":\"ListItem\",\"position\":1,\"name\":\"Startseite\",\"item\":\"https:\/\/www.annius-immensus.de\/\"},{\"@type\":\"ListItem\",\"position\":2,\"name\":\"Videos\"}]}]}<\/script>\n<!-- \/ Yoast SEO plugin. -->","yoast_head_json":{"title":"Videos - Annius Immensus","description":"Auch in Form von Videos sind Annius Immensus t\u00e4tig. Hier k\u00f6nnen Interessierte einen \u00dcberblick \u00fcber ausgew\u00e4hlte Videos erhalten.","robots":{"index":"index","follow":"follow","max-snippet":"max-snippet:-1","max-image-preview":"max-image-preview:large","max-video-preview":"max-video-preview:-1"},"canonical":"https:\/\/www.annius-immensus.de\/?page_id=93","og_locale":"de_DE","og_type":"article","og_title":"Videos - Annius Immensus","og_description":"Auch in Form von Videos sind Annius Immensus t\u00e4tig. Hier k\u00f6nnen Interessierte einen \u00dcberblick \u00fcber ausgew\u00e4hlte Videos erhalten.","og_url":"https:\/\/www.annius-immensus.de\/?page_id=93","og_site_name":"Annius Immensus","article_modified_time":"2021-10-11T15:06:21+00:00","twitter_card":"summary_large_image","twitter_misc":{"Gesch\u00e4tzte Lesezeit":"1 Minute"},"schema":{"@context":"https:\/\/schema.org","@graph":[{"@type":"WebSite","@id":"https:\/\/www.annius-immensus.de\/#website","url":"https:\/\/www.annius-immensus.de\/","name":"Annius Immensus","description":"Gitarren Wave, Dark Folk aus hamburg","potentialAction":[{"@type":"SearchAction","target":{"@type":"EntryPoint","urlTemplate":"https:\/\/www.annius-immensus.de\/?s={search_term_string}"},"query-input":"required name=search_term_string"}],"inLanguage":"de-DE"},{"@type":"WebPage","@id":"https:\/\/www.annius-immensus.de\/?page_id=93#webpage","url":"https:\/\/www.annius-immensus.de\/?page_id=93","name":"Videos - Annius Immensus","isPartOf":{"@id":"https:\/\/www.annius-immensus.de\/#website"},"datePublished":"2020-10-08T15:01:58+00:00","dateModified":"2021-10-11T15:06:21+00:00","description":"Auch in Form von Videos sind Annius Immensus t\u00e4tig. Hier k\u00f6nnen Interessierte einen \u00dcberblick \u00fcber ausgew\u00e4hlte Videos erhalten.","breadcrumb":{"@id":"https:\/\/www.annius-immensus.de\/?page_id=93#breadcrumb"},"inLanguage":"de-DE","potentialAction":[{"@type":"ReadAction","target":["https:\/\/www.annius-immensus.de\/?page_id=93"]}]},{"@type":"BreadcrumbList","@id":"https:\/\/www.annius-immensus.de\/?page_id=93#breadcrumb","itemListElement":[{"@type":"ListItem","position":1,"name":"Startseite","item":"https:\/\/www.annius-immensus.de\/"},{"@type":"ListItem","position":2,"name":"Videos"}]}]}},"_links":{"self":[{"href":"https:\/\/www.annius-immensus.de\/index.php?rest_route=\/wp\/v2\/pages\/93"}],"collection":[{"href":"https:\/\/www.annius-immensus.de\/index.php?rest_route=\/wp\/v2\/pages"}],"about":[{"href":"https:\/\/www.annius-immensus.de\/index.php?rest_route=\/wp\/v2\/types\/page"}],"author":[{"embeddable":true,"href":"https:\/\/www.annius-immensus.de\/index.php?rest_route=\/wp\/v2\/users\/1"}],"replies":[{"embeddable":true,"href":"https:\/\/www.annius-immensus.de\/index.php?rest_route=%2Fwp%2Fv2%2Fcomments&post=93"}],"version-history":[{"count":21,"href":"https:\/\/www.annius-immensus.de\/index.php?rest_route=\/wp\/v2\/pages\/93\/revisions"}],"predecessor-version":[{"id":262,"href":"https:\/\/www.annius-immensus.de\/index.php?rest_route=\/wp\/v2\/pages\/93\/revisions\/262"}],"wp:attachment":[{"href":"https:\/\/www.annius-immensus.de\/index.php?rest_route=%2Fwp%2Fv2%2Fmedia&parent=93"}],"curies":[{"name":"wp","href":"https:\/\/api.w.org\/{rel}","templated":true}]}}